 -22*w - 95. What are the prime factors of h(n)?
389
Let o be (46 + 1)/(21/84). Suppose 0*p + o = p. List the prime factors of p.
2, 47
Suppose -6*v = 64*c - 62*c - 168878, 5*v = 2*c - 168977. List the prime factors of c.
2, 157, 269
Let v(x) = 37*x**3 - 10*x**2 + 6*x - 16. What are the prime factors of v(6)?
2, 1913
Let t = 108 - 83. Let a = t + 11. What are the prime factors of (-253)/(-4) - (153/a + -4)?
3, 7
Let i = -28 + 445. Let x = i - 258. Suppose 602 = 4*q + a, -q + 3*a + a + x = 0. List the prime factors of q.
151
Let l = -25776 + 36321. List the prime factors of l.
3, 5, 19, 37
Let p = 26 + -183. Suppose 100 = -v - 2*a - a, -4*a - 16 = 0. Let l = v - p. What are the prime factors of l?
3, 23
Let j(w) = -w**2 + 42*w - 185. Let d be j(7). Suppose -5*z - d = -4560. What are the prime factors of z?
2, 3, 5
Suppose 11506 = 19*u - 12225. Suppose -192*w = -193*w + u. List the prime factors of w.
1249
Let s(l) = 133*l - 48. Let t be s(10). Suppose -3*z = 2*k - 958, 4*z - 6*k = -11*k + t. List the prime factors of z.
2, 3, 53
Suppose -261*n + 266*n + 26445 = 5*x, 4*x = -3*n + 21135. What are the prime factors of x?
2, 3, 881
Suppose 13 = 3*u - 4*r, 2*u - 5*r + 58 = 5*u. Suppose -i = 4*x - 139, u*x - 154 = -i + 12*x. What are the prime factors of i?
151
Let u(p) = -227*p**3 - 13*p**2 - 30*p - 11. Let b be u(-6). Suppose -11869 = 36*j - b. List the prime factors of j.
2
Let h = 64753 + -34809. List the prime factors of h.
2, 19, 197
Let p = 9247 + -1056. List the prime factors of p.
8191
Suppose 43*v = 62*v - 54093. What are the prime factors of v?
3, 13, 73
Suppose -186*a = -185*a - 3. Suppose -a*j = 5*z - j - 3416, -3*z = -5*j - 2062. What are the prime factors of z?
2, 3, 19
Suppose -11*f + 29 + 103 = 0. Let g(u) = 5*u**2 - 38*u - 8. What are the prime factors of g(f)?
2
Let g(q) = -98*q - 25. Let m be g(-6). Let b = -336 + m. What are the prime factors of b?
227
Let a be ((-2)/(-6))/((-39)/117). List the prime factors of ((-36468)/(-9))/4 + a.
2, 11, 23
Let f be 3/((-3)/(-4)) - 4. Suppose f = 6*v - 461 - 103. Let i = v - 38. List the prime factors of i.
2, 7
Let d(a) = -a**3 + 14*a**2 - a + 17. Let u = 143 + -129. Let p be d(u). Suppose -p*r + 395 = -112. List the prime factors of r.
13
Suppose -5*r + 9588 = 2*q, -1915 = -r - 287*q + 284*q. List the prime factors of r.
2, 7, 137
Let o be 8/(40/11205) + (-3)/1. Suppose 0 = -6*d - o - 684. Let x = -303 - d. List the prime factors of x.
2, 23
Suppose -3*n + 2 = -4. Let x(y) = -y + 94*y**2 - 4*y + 2*y + n. What are the prime factors of x(1)?
3, 31
Let h = 320 + -322. List the prime factors of 5 + -3 + h + (-2994)/(-6).
499
Let p = -40 - -45. List the prime factors of (-105)/(-20)*(3 - p)*-10.
3, 5, 7
List the prime factors of 25560567/1608 - ((-46)/(-16) - 3).
2, 1987
Let x = 3 + 3. Let d = -4 + 30. Suppose 7*h - x*h = d. What are the prime factors of h?
2, 13
Let c = -583 - -588. Suppose -527 = -w + 5*s, 5*s + 0*s + 2715 = c*w. What are the prime factors of w?
547
Suppose 0 = 20*m - 15*m + 60. What are the prime factors of (-2 - 379)/(18/m)?
2, 127
Let m(a) = -76*a**3 + 18*a**2 + 2*a - 3. What are the prime factors of m(-4)?
53, 97
Suppose 0 = 5*k - 50 - 55. Let t(b) = -b**3 + 24*b**2 - 38*b + 16. List the prime factors of t(k).
541
Let q be (1 - -20)*13/(-39). What are the prime factors of (-4757)/(-7) + (q - 416/(-56))?
2, 5, 17
Let l(x) be the third derivative of -13/24*x**4 + 1/120*x**6 + 0*x + 2/15*x**5 - 7/6*x**3 + 5*x**2 + 0. List the prime factors of l(-9).
29
Let z(j) be the third derivative of 0*j + 5/3*j**3 + 38*j**2 + 11/60*j**5 + 0 - 1/6*j**4. List the prime factors of z(4).
2, 5, 17
Suppose 3*k - 3*c + 2*c = 17, 4*k = -c + 18. Suppose f - 725 = 2*z, -k*f + 4*z = 517 - 4148. What are the prime factors of f?
727
Let j = -22114 + 50923. List the prime factors of j.
3, 11, 97
Let h(b) = 6*b**2 + 118*b - 1372. What are the prime factors of h(-78)?
2, 7, 463
Let z(x) = 22*x + 14. Let l be z(2). Let n be (-1 - 1)/(4/l). Let q = 236 + n. What are the prime factors of q?
3, 23
Let m = 4874 + -2334. List the prime factors of m.
2, 5, 127
Let n(m) = 16*m + 8*m - 45 + 14 - 9*m. Let c = 432 - 419. List the prime factors of n(c).
2, 41
List the prime factors of 4732*((28 - 10) + 0 + -10).
2, 7, 13
Let h be 78/24 + 9/12. Suppose -384 = -h*c + 792. Suppose 5*a + 2*a - c = 0. What are the prime factors of a?
2, 3, 7
Suppose 0 = -12*u + 28032 + 43464. List the prime factors of u.
2, 3, 331
List the prime factors of (-59822)/(-26) - 446/(-2899).
3, 13, 59
Let c = -263 + 400. Suppose -o + 44 = 5*p, -3*o + 3*p = -54 - 96. Let t = c - o. What are the prime factors of t?
2, 11
Let u = 404 - 226. Let i be (10 + -8)*(-225)/(-5). Let d = u - i. What are the prime factors of d?
2, 11
Let u = 21348 - 11578. List the prime factors of u.
2, 5, 977
Suppose -13*s + 27682 = -476. What are the prime factors of s?
2, 3, 19
Let b = 501 - -521. Suppose 5*y - 3*m - b = y, 2*y + 2*m = 504. List the prime factors of y.
2, 127
Let a = -39 + 57. Let g(u) = -u**3 + 19*u**2 - 18*u + 9. Let d be g(a). Suppose 508 = -7*s + d*s. List the prime factors of s.
2, 127
Let b be 12088/(-18) + (-4)/9. List the prime factors of (26/(-8))/(12/b).
2, 7, 13
Suppose 15*o = -7*o + 39115 - 11395. What are the prime factors of o?
2, 3, 5, 7
Let f be 2/(-8) - (-121887)/12. What are the prime factors of f/11 + 20/(-55)?
13, 71
Suppose 0 = -5*j + 51540 + 145178 + 25817. What are the prime factors of j?
44507
Suppose 0 = -18*p + 22*p - 60. Let l be (5/(p/27))/1. List the prime factors of ((-27)/l)/(6/(-10)).
5
Let k = 250 - 192. Let t = k + 251. List the prime factors of t.
3, 103
Let z = -6966 - -6821. Let n = 74 + 21. Let f = n - z. List the prime factors of f.
2, 3, 5
Let d(q) = -20*q - 12. Let f = 47 - 43. Suppose f*i - 5*i = 3. What are the prime factors of d(i)?
2, 3
Let k = 62 - 48. Suppose 11*h + 513 = k*h. What are the prime factors of h?
3, 19
What are the prime factors of (0 + -1)/((-1)/43305)?
3, 5, 2887
Let g = 384 + -203. Suppose 49 = -4*x + 417. Let r = g - x. What are the prime factors of r?
89
List the prime factors of 12/8 + (6/(-33) - (-630932)/88).
71, 101
Let c = 12698 + -8933. What are the prime factors of c?
3, 5, 251
Let u be (-4 + 8)*4 - 5. Suppose -1573 = -u*z + 1980. List the prime factors of z.
17, 19
Let z(r) = 75*r**2 - r - 2. Suppose 0*a = m - a - 7, 0 = -2*m - a + 11. Let s be (-6)/2*2/m. What are the prime factors of z(s)?
2, 37
Suppose 4 = 6*t - 10*t. Let r be 0/(-2 + -2 - t). Suppose l - 65 = -m + 58, 2*m + 3*l - 244 = r. List the prime factors of m.
5
Let d = 1414 + 6548. What are the prime factors of d?
2, 3, 1327
Let j be -8 + 3*(-5 + 16). Let c = 11 - 103. Let n = j - c. List the prime factors of n.
3, 13
Let q(o) = 27*o**2 - 71*o + 709. List the prime factors of q(-24).
5, 3593
List the prime factors of (-108)/(-324) + 25157/3.
2, 7, 599
Suppose 4*i - 21 + 1 = -2*a, -20 = -5*i. Suppose 4*r + 0*r - a*s = 66, 5*r - s = 90. List the prime factors of r.
19
Let g = -2396 + 3504. What are the prime factors of g?
2, 277
Let a = 269 + -232. Let q = 358 - a. List the prime factors of q.
3, 107
Suppose -8*h = 13*h - 21. Let l(w) be the third derivative of 53*w**6/40 + w**5/60 + w**4/24 - w**3/6 + 5*w**2. List the prime factors of l(h).
2, 5
Let i be (-310)/(-26) + (-61)/(-793). Suppose -7798 = -i*o + 5*o. What are the prime factors of o?
2, 557
Suppose -825 = -12*k + 2547. Let h = 522 - k. List the prime factors of h.
241
Let j be (-12)/(-8)*212/3 - -2. Let x = j + -12. List the prime factors of x.
2, 3
Suppose 0 = q + 4*i - 268, 5*i + 151 = 2*q - 450. Let d = 361 - q. What are the prime factors of d?
73
List the prime factors of -4*1/2 - (15 - 27 - 19638).
2, 307
Let l(g) be the second derivative of -417*g**5/20 + g**3/6 + 10*g. Let v be l(1). What are the prime factors of -1*10*(v/40 - 6)?
2, 41
Let s = 12537 - -37197. List the prime factors of s.
2, 3, 307
List the prime factors of (92/23)/((-12)/(-321)).
107
What are the prime factors of 891/3 - (1 + -12 + 11)?
3, 11
Let r(q) = 7*q + 29*q + q**2 + 48 - 16*q. List the prime factors of r(-21).
3, 23
Suppose -2*b - 25 = 4*u - 13, 8 = -3*b - u. List the prime factors of ((-11537)/83)/(0 - b/(-22)).
11, 139
Let z(u) = u**3 - 85*u**2 + 89*u + 120. Let a be z(84